 prime factors of z.
7
Let z = 1 + -1. Suppose -3*l + 66 = -3*m, 0*l - 4*l - 3*m + 67 = z. What are the prime factors of l?
19
Let j be (430/6)/5*3. What are the prime factors of -18 + 16 - -1*j?
41
Let h(j) = j**3 - 6*j**2 + 6*j + 7. Let x(w) = -5*w + 15. Let a(r) = 14*r - 45. Let p(u) = 3*a(u) + 8*x(u). Let i be p(10). What are the prime factors of h(i)?
2, 3
Let g(c) = -c**2 - 8*c + 12. Let p be g(-9). Suppose j = -p*j. Suppose k + 2 = 0, -3*k = -4*r - j*r + 42. List the prime factors of r.
3
Suppose 5*t - 27 - 23 = 0. Let m(x) = x**3 - 9*x**2 - 11*x + 10. Let l be m(t). Let y = l - -3. What are the prime factors of y?
3
Suppose 4*g + 5*a - a - 60 = 0, -4*g = -4*a - 28. Suppose g = 4*h + 3. Let o = 8 - h. What are the prime factors of o?
2, 3
Suppose -9 = -s - 4. Suppose -3*u + 15 = 6. Let z = u + s. What are the prime factors of z?
2
Let p be (-3*1)/(-1 + 0). Suppose -2*y + 10 = p*y. Suppose y*n = -3*n + 45. List the prime factors of n.
3
Suppose -8 = 2*y + r, -2*y - 8 = r + 4*r. List the prime factors of 16*-1*2/y.
2
Suppose 0 = -2*q + 58 + 22. What are the prime factors of q?
2, 5
Let o(s) = -6*s - 7. Let z(h) = 6*h + 6. Let b(a) = 3*o(a) + 4*z(a). List the prime factors of b(3).
3, 7
Let y(c) = c**2 - c - 5. List the prime factors of y(6).
5
Let q(j) = -3*j - 10. Let b(a) = a**3 + 5*a**2 - 4*a + 5. Let o be b(-6). Let h be q(o). What are the prime factors of h/3 + (-2)/3?
3
Let v = 0 - -4. Let m be (-4)/(1*2/v). List the prime factors of m/(-6)*30/4.
2, 5
Let p(g) = -g**3 - g + 1. Let c be p(-2). Let w = c + -3. Suppose -5*h + w = -h. List the prime factors of h.
2
Let b = -143 - -306. What are the prime factors of b?
163
What are the prime factors of 226/(1/((-4)/(-8)))?
113
Suppose -5*d + 100 = 5*l - 115, -l + 49 = -5*d. List the prime factors of l.
2, 11
Suppose 0*v = 2*c + 4*v - 74, 3*v = 4*c - 159. Suppose -3*m - c = -6*m. What are the prime factors of m?
13
Suppose 0 = -0*b + 2*b + 30. Let p = b + 0. What are the prime factors of 1 - (0/2 + p)?
2
Let i = 4 + -6. Let d = 21 - i. What are the prime factors of d?
23
Let b(r) = 9*r**2 - 13*r - 15. Let c(l) = -4*l**2 + 0*l + 8 + 7*l - l**2. Let d(t) = -4*b(t) - 7*c(t). What are the prime factors of d(3)?
2
What are the prime factors of -5 - (-181 + (-4 - -2))?
2, 89
Let q(s) = 4*s - 6. Let w(k) = k. Let r(x) = -q(x) + 3*w(x). Let f(o) = o - 5. Let n(y) = 7*f(y) + 6*r(y). What are the prime factors of n(6)?
7
Let y = 12 + -7. Suppose 10*n - y*n = 80. Suppose -14 = -5*z + n. List the prime factors of z.
2, 3
Suppose 0*a - 5*a + 365 = 0. Suppose -a = -4*n - 3*y, 4*n - 4*y = -0*y + 80. List the prime factors of n.
19
Let g = 8 + 11. List the prime factors of g.
19
Suppose 0 = -2*r - 2*r + 100. Suppose r + 2 = p. What are the prime factors of p?
3
Suppose -2*m = 3*j - 3, -4*m = -2*j - 0*j + 18. Let f(x) = -3*x**2 + 2*x + 1. Let r be f(j). Let w = 28 + r. List the prime factors of w.
2
List the prime factors of (-6 - -5)/(2/(-8)) - -203.
3, 23
Suppose -4*l + 2 = -2*p, 2*p - 3*l + 4 = 5. Suppose 4*g - 135 = -5*b, p*g + 5*b - 50 = 125. List the prime factors of g.
2, 5
Let x = -74 - -98. List the prime factors of x.
2, 3
Suppose -5*h - 1 = -21, 5*a = h + 371. What are the prime factors of a?
3, 5
Suppose -3*l - 35 = 2*b - 13, 0 = -4*b - 2*l - 28. What are the prime factors of (-21)/b - 1/5?
2
Let f = -134 + 212. What are the prime factors of f?
2, 3, 13
Let m(z) = z - 1. Let t be m(0). Let k be 1/((3*t)/(-12)). Suppose -k*p = -3*p - 12. List the prime factors of p.
2, 3
Let g be ((-12)/(-10))/(6/90). Suppose -4*v + g = -10. Let h(d) = d**2 - 4*d - 7. What are the prime factors of h(v)?
2, 7
Suppose h - 3*f = 2 - 17, -3*h - 13 = -f. Let y(k) = 2*k**3 - 6*k + 5*k - 2 - 3*k**3 - 2*k**2. What are the prime factors of y(h)?
2, 5
List the prime factors of (-6)/9*69/(-2).
23
Let s(g) = 7*g - 2. Let m be s(-5). Let h = m + 10. List the prime factors of h/(-12) + 3/(-12).
2
Let y = -4 - -6. Suppose y*i + 14 = 3*x - 2, 2*i + 14 = 2*x. What are the prime factors of x?
2
Let q(a) = a**3 + 2*a**2 + 3. Let m be q(-3). List the prime factors of m*(0 + -1) + -3.
3
Let r be -2 + (-4)/(-3 + 2). Suppose 2*n - r = 32. List the prime factors of n.
17
Suppose 117 = 3*d - 3*r, 4*d + 24 = 3*r + 179. List the prime factors of d.
2, 19
Let k be 3 - 1 - (3 - 3). Suppose 0 = 5*j + 3*z - 32, -j - k*z + 5 + 0 = 0. List the prime factors of j.
7
Let j(k) = k**3 - 10*k**2 + 16*k + 9. List the prime factors of j(9).
2, 3
Suppose 6*w + 101 = w + x, 2*w = -2*x - 50. Let o = -13 - w. List the prime factors of o.
2
Let k(n) = 79*n - 5. List the prime factors of k(2).
3, 17
Let g = 1 + 52. List the prime factors of g.
53
Let a(p) = -p**3 + 5*p**2 + p - 5. Let v be a(5). Suppose v*x = -x + 2. What are the prime factors of x?
2
Let g = -62 - -26. Let x = 57 + g. List the prime factors of x.
3, 7
Let v(c) = c**2 - 3*c + 2. Let m(p) = p**2 - 3*p - 2. Let l be m(4). Suppose 4 = l*k - k. List the prime factors of v(k).
2, 3
Suppose -d + 6*d = -80. Let y = d + 30. List the prime factors of y.
2, 7
Suppose 4*z - 213 = -5*u + 8*z, 3*u - 5*z - 120 = 0. What are the prime factors of u?
3, 5
Suppose -328 = -7*i + 421. List the prime factors of i.
107
Let x be (0 + 3)*(-336)/(-36). Let q = x - 9. What are the prime factors of q?
19
Let q be (1 - 39/21)*-21. Suppose -4*s - 2*b = -q, 3*s + 8 = 2*s + 2*b. Suppose s = 3*r - 28. What are the prime factors of r?
2, 5
Let i = 2 - 2. Suppose i = 4*b + b. Suppose 5*o - 31 = 4*z, -2*z + 3 - 1 = b. What are the prime factors of o?
7
Let g = -8 - -10. What are the prime factors of g?
2
Suppose -266 = -6*j - 32. What are the prime factors of j?
3, 13
Let y = -95 - -197. List the prime factors of y.
2, 3, 17
Suppose -10 = -a - 5. Suppose -5*p + a*s + 52 - 17 = 0, -s = -5*p + 27. What are the prime factors of p?
5
List the prime factors of 73/2*(-6 - -8).
73
Let v = -6 + 38. List the prime factors of v.
2
Let l(o) = -2*o - 3. Let r be l(-3). Suppose 0*k + 4*k = -3*a + 35, -5*k + 5 = -4*a. Suppose 1 = r*m - a. List the prime factors of m.
2
Let s = 4 + 41. List the prime factors of s.
3, 5
Let x be (-2)/(-6)*2*21. Let b = x + 1. What are the prime factors of b?
3, 5
Suppose -h + 0*h - 1 = 0. Let a be h/(-1 + (-6)/(-9)). Suppose -a*j + 19 = -5*p + p, -2*j + 36 = 2*p. What are the prime factors of j?
13
Suppose -3*b = -5*a - 4*b - 11, -3*a - 3*b = 9. Let g(d) = 2*d**2 - 2. List the prime factors of g(a).
2, 3
Let i = -70 - -197. What are the prime factors of i?
127
List the prime factors of -1 + 0 - -3 - -3.
5
Suppose 38 = 2*t - 4*a, -4*t + a + 25 = -30. Let o = t - -11. List the prime factors of o.
2, 3
Let l(q) = 29*q. List the prime factors of l(7).
7, 29
Suppose -d - 2*g - 2 = -29, -5*d + 111 = 4*g. Suppose -r = -3, 3*r - d = -5*j + 10. Suppose -j*x = -2*x - 4. List the prime factors of x.
2
What are the prime factors of (-155 + 15)*(-2)/5?
2, 7
Suppose -33 = 3*g - 333. Suppose 5*m = 5*b + g, m - 2*b = -0*m + 15. List the prime factors of m.
5
Let k = 9 + -1. List the prime factors of k.
2
Suppose 2*v - 86 - 103 = -3*l, 4*l - 3*v = 269. List the prime factors of l.
5, 13
Let r be 2/6 + 165/(-9). Let k = r - -25. Let x(l) = -l**3 + 8*l**2 - 4*l - 8. What are the prime factors of x(k)?
13
Let m(i) = -i**2 + 12*i - 1. What are the prime factors of m(5)?
2, 17
Suppose 3*d + 5*a - 24 = 0, 10 - 1 = -3*a. What are the prime factors of d?
13
Let x = -13 + 6. Let m(r) = r**3 + 8*r**2 + 5*r - 2. List the prime factors of m(x).
2, 3
Let p(b) = 4*b**3 + 8*b**2 - 6 + 3*b**3 + 1 - 8*b**3 - 4*b. Let g(h) = -h**3 - 3*h**2 - 3*h - 2. Let n be g(-3). List the prime factors of p(n).
2
Let k(j) = j**3 - 7*j**2 - 4*j - 4. Suppose -9*r + 40 = -4*r. What are the prime factors of k(r)?
2, 7
Suppose -p = -3*f + 1, f - 2 = p - f. Suppose 20 = 4*o, -5*o = 2*i - 3*o - 32. Let m = i + p. List the prime factors of m.
7
Let z = -15 - -15. Suppose z = 3*u + s - 7, 4*s - 20 + 8 = -4*u. List the prime factors of u.
2
Suppose 31 = l + 5*q, -15 = -4*l - l + 3*q. Let p be ((-12)/10)/(l/(-20)). What are the prime factors of (-30)/p*24/(-18)?
2, 5
List the prime factors of 10*(-6)/1*(-186)/60.
2, 3, 31
Let w(s) = -s**2 + 13*s - 3. What are the prime factors of w(6)?
3, 13
Let v(n) = -n**3 - 7*n**2 + 2*n. Let s be v(-7). Let k = s - -22. Wha